{"id":841,"date":"2020-11-17T12:36:45","date_gmt":"2020-11-17T15:36:45","guid":{"rendered":"https:\/\/www.distribuidoramimodospets.com.br\/loja\/?page_id=841"},"modified":"2025-01-09T15:38:27","modified_gmt":"2025-01-09T18:38:27","slug":"cadastrar","status":"publish","type":"page","link":"https:\/\/www.distribuidoramimodospets.com.br\/loja\/cadastrar\/","title":{"rendered":"Cadastrar"},"content":{"rendered":"\t<div class='user-registration ur-frontend-form   ' id='user-registration-form-6365'>\n\t\t\t\t\t\t\t\t<form method='post' class='register' data-form-id=\"6365\"\n\t\t\t\tdata-enable-strength-password=\"1\" data-minimum-password-strength=\"3\"\n\t\t\t\t\t\t\t\t\t\t\t\t\t\t\t data-captcha-enabled=\"\">\n\n\t\t\t\t<div class=\"ur-form-row\" data-row-id=\"0\">\t\t\t\t\t\t<div class=\"ur-form-grid ur-grid-1\"\n\t\t\t\t\t\t\tstyle=\"width:99%\">\n\t\t\t\t\t\t\t\t\t\t\t\t\t\t<div  data-field-id=\"first_name\" class=\"ur-field-item field-first_name \" data-ref-id=\"first_name\" data-field-pattern-enabled=\"0\" data-field-pattern-value=\" \" data-field-pattern-message=\" \">\n\t\t\t\t\t\t\t\t\t<div class=\"form-row \" id=\"first_name_field\" data-priority=\"\" ><label for=\"first_name\" class=\"ur-label\">Nome<\/label> <span class=\"input-wrapper\"> <input  data-rules=\"\" data-id=\"first_name\" type=\"text\" class=\"input-text   input-text ur-frontend-field  \" name=\"first_name\" id=\"first_name\" placeholder=\"\"  value=\"\" data-label=\"Nome\" \/> <\/span> <\/div>\t\t\t\t\t\t\t\t<\/div>\n\t\t\t\t\t\t\t\t\t\t\t\t\t\t\t\t<div  data-field-id=\"last_name\" class=\"ur-field-item field-last_name \" data-ref-id=\"last_name\" data-field-pattern-enabled=\"0\" data-field-pattern-value=\" \" data-field-pattern-message=\" \">\n\t\t\t\t\t\t\t\t\t<div class=\"form-row \" id=\"last_name_field\" data-priority=\"\" ><label for=\"last_name\" class=\"ur-label\">Sobrenome<\/label> <span class=\"input-wrapper\"> <input  data-rules=\"\" data-id=\"last_name\" type=\"text\" class=\"input-text   input-text ur-frontend-field  \" name=\"last_name\" id=\"last_name\" placeholder=\"\"  value=\"\" data-label=\"Sobrenome\" \/> <\/span> <\/div>\t\t\t\t\t\t\t\t<\/div>\n\t\t\t\t\t\t\t\t\t\t\t\t\t\t\t\t<div  data-field-id=\"user_email\" class=\"ur-field-item field-user_email \" data-ref-id=\"user_email\" data-field-pattern-enabled=\"0\" data-field-pattern-value=\" \" data-field-pattern-message=\" \">\n\t\t\t\t\t\t\t\t\t<div class=\"form-row validate-required\" id=\"user_email_field\" data-priority=\"\" ><label for=\"user_email\" class=\"ur-label\">E-mail <abbr class=\"required\" title=\"required\">*<\/abbr><\/label> <span class=\"input-wrapper\"> <input  data-rules=\"\" data-id=\"user_email\" type=\"email\" class=\"input-text   input-email ur-frontend-field  \" name=\"user_email\" id=\"user_email\" placeholder=\"\"  value=\"\" required=\"required\" data-label=\"E-mail\" \/> <\/span> <\/div>\t\t\t\t\t\t\t\t<\/div>\n\t\t\t\t\t\t\t\t\t\t\t\t\t\t\t\t<div  data-field-id=\"user_pass\" class=\"ur-field-item field-user_pass \" data-ref-id=\"user_pass\" data-field-pattern-enabled=\"0\" data-field-pattern-value=\" \" data-field-pattern-message=\" \">\n\t\t\t\t\t\t\t\t\t<div class=\"form-row validate-required hide_show_password\" id=\"user_pass_field\" data-priority=\"\"><label for=\"user_pass\" class=\"ur-label\">Senha <abbr class=\"required\" title=\"required\">*<\/abbr><\/label> <span class=\"input-wrapper\"> <span class=\"password-input-group input-form-field-icons\"><input data-rules=\"\" data-id=\"user_pass\" type=\"password\" class=\"input-text  input-password ur-frontend-field  \" name=\"user_pass\" id=\"user_pass\" placeholder=\"\"  value=\"\" required=\"required\" data-label=\"Senha\" \/><\/span> <\/span> <\/div>\t\t\t\t\t\t\t\t<\/div>\n\t\t\t\t\t\t\t\t\t\t\t\t\t\t\t\t<div  data-field-id=\"radio_1665979273\" class=\"ur-field-item field-radio \" data-ref-id=\"radio_1665979273\" data-field-pattern-enabled=\"0\" data-field-pattern-value=\" \" data-field-pattern-message=\" \">\n\t\t\t\t\t\t\t\t\t<div class=\"form-row \" id=\"radio_1665979273_field\" data-priority=\"\" ><label for=\"Homem\" class=\"ur-label\">G\u00eanero<\/label><ul><li class=\"ur-radio-list\"><input data-rules=\"\" data-id=\"radio_1665979273\" type=\"radio\" class=\"input-radio ur-frontend-field  \" value=\"Homem\"  name=\"radio_1665979273\" id=\"radio_1665979273_Homem\" data-label=\"G\u00eanero\" \/  \/> <label for=\"radio_1665979273_Homem\" class=\"radio\">Homem<\/label><\/li><li class=\"ur-radio-list\"><input data-rules=\"\" data-id=\"radio_1665979273\" type=\"radio\" class=\"input-radio ur-frontend-field  \" value=\"Mulher\"  name=\"radio_1665979273\" id=\"radio_1665979273_Mulher\" data-label=\"G\u00eanero\" \/  \/> <label for=\"radio_1665979273_Mulher\" class=\"radio\">Mulher<\/label><\/li><\/ul><\/div>\t\t\t\t\t\t\t\t<\/div>\n\t\t\t\t\t\t\t\t\t\t\t\t\t\t\t\t<div  data-field-id=\"date_box_1665979326\" class=\"ur-field-item field-date \" data-ref-id=\"date_box_1665979326\" data-field-pattern-enabled=\"0\" data-field-pattern-value=\" \" data-field-pattern-message=\" \">\n\t\t\t\t\t\t\t\t\t<div class=\"form-row \" id=\"date_box_1665979326_field\" data-priority=\"\" ><label for=\"date_box_1665979326\" class=\"ur-label\">Data de Nascimento<\/label> <span class=\"input-wrapper\"> <input data-rules=\"\" data-id=\"date_box_1665979326\" type=\"text\" value=\"\" class=\"ur-flatpickr-field regular-text \" readonly placeholder=\"\" data-date-format=\"Y-m-d\" data-locale=\"en\" data-label=\"Data de Nascimento\" \/><input type=\"hidden\" id=\"formated_date\" value=\"\"\/><input data-rules=\"\" data-id=\"date_box_1665979326\" type=\"text\" data-field-type=\"date\" value=\"\" class=\"input-text input-date ur-frontend-field  \" name=\"date_box_1665979326\" id=\"date_box_1665979326\" placeholder=\"\"  data-date-format=\"Y-m-d\" data-locale=\"en\" data-label=\"Data de Nascimento\" style=\"display:none\"\/><\/span> <\/div>\t\t\t\t\t\t\t\t<\/div>\n\t\t\t\t\t\t\t\t\t\t\t\t\t\t\t\t<div  data-field-id=\"input_box_1665979428\" class=\"ur-field-item field-text \" data-ref-id=\"input_box_1665979428\" data-field-pattern-enabled=\"0\" data-field-pattern-value=\" \" data-field-pattern-message=\" \">\n\t\t\t\t\t\t\t\t\t<div class=\"form-row \" id=\"input_box_1665979428_field\" data-priority=\"\" ><label for=\"input_box_1665979428\" class=\"ur-label\">Endere\u00e7o Completo<\/label> <span class=\"input-wrapper\"> <input  data-rules=\"\" data-id=\"input_box_1665979428\" type=\"text\" class=\"input-text   input-text ur-frontend-field  \" name=\"input_box_1665979428\" id=\"input_box_1665979428\" placeholder=\"\"  value=\"\" data-label=\"Endere\u00e7o Completo\" \/> <\/span> <\/div>\t\t\t\t\t\t\t\t<\/div>\n\t\t\t\t\t\t\t\t\t\t\t\t\t\t\t\t<div  data-field-id=\"textarea_1665980165\" class=\"ur-field-item field-textarea \" data-ref-id=\"textarea_1665980165\" data-field-pattern-enabled=\"0\" data-field-pattern-value=\" \" data-field-pattern-message=\" \">\n\t\t\t\t\t\t\t\t\t<div class=\"form-row \" id=\"textarea_1665980165_field\" data-priority=\"\" ><label for=\"textarea_1665980165\" class=\"ur-label\">Observa\u00e7\u00f5es<\/label><textarea style=\"margin-bottom:0px;\" data-rules=\"\" data-id=\"textarea_1665980165\" name=\"textarea_1665980165\" class=\"input-text ur-frontend-field  \" id=\"textarea_1665980165\" placeholder=\"\"  rows=\"2\" cols=\"5\"data-label=\"Observa\u00e7\u00f5es\"><\/textarea><div style=\"text-align: right; font-size:14px; color:#737373; margin-top:0px;\"> <div class=\"ur-input-count\" data-count-type=\"characters\" style=\"display: inline-block; margin-right: 1px;\">0<\/div><div style=\"display: inline-block;\"> characters<\/div><\/div><\/div>\t\t\t\t\t\t\t\t<\/div>\n\t\t\t\t\t\t\t\t\t\t\t\t\t\t<\/div>\n\t\t\t\t\t\t\t\t\t\t\t<\/div>\n\t\t\t\t\t\t\t\t\t\t\t\t\t\t\t\t\t<div class=\"ur-button-container \" >\n\t\t\t\t\t\t\t\t\t\t\t\t\t\t<button type=\"submit\" class=\"btn button ur-submit-button \"  conditional_rules=\"&quot;&quot;\">\n\t\t\t\t\t\t\t\t<span><\/span>\n\t\t\t\t\t\t\t\tCadastrar\t\t\t\t\t\t\t<\/button>\n\t\t\t\t\t\t\t\t\t\t\t\t\t\t\t\t\t\t\t\t<\/div>\n\t\t\t\t\t\t\n\t\t\t\t<div style=\"clear:both\"><\/div>\n\t\t\t\t\t\t\t\t<input type=\"hidden\" name=\"ur-registration-language\" value=\"pt-BR\"\/>\n\t\t\t\t<input type=\"hidden\" name=\"ur-user-form-id\" value=\"6365\"\/>\n\t\t\t\t<input type=\"hidden\" name=\"ur-redirect-url\" value=\"\"\/>\n\t\t\t\t<input type=\"hidden\" id=\"ur_frontend_form_nonce\" name=\"ur_frontend_form_nonce\" value=\"5d6b94e4ec\" \/>\n\t\t\t\t\t\t\t<\/form>\n\t\t\t\n\t\t<div style=\"clear:both\"><\/div>\n\t<\/div>\n\n","protected":false},"excerpt":{"rendered":"Nome Sobrenome E-mail * Senha * G\u00eanero Homem Mulher Data de Nascimento Endere\u00e7o Completo Observa\u00e7\u00f5es 0 characters Cadastrar","protected":false},"author":1,"featured_media":0,"parent":0,"menu_order":0,"comment_status":"closed","ping_status":"closed","template":"","meta":{"footnotes":""},"class_list":["post-841","page","type-page","status-publish","hentry","entry","no-media"],"_links":{"self":[{"href":"https:\/\/www.distribuidoramimodospets.com.br\/loja\/wp-json\/wp\/v2\/pages\/841","targetHints":{"allow":["GET"]}}],"collection":[{"href":"https:\/\/www.distribuidoramimodospets.com.br\/loja\/wp-json\/wp\/v2\/pages"}],"about":[{"href":"https:\/\/www.distribuidoramimodospets.com.br\/loja\/wp-json\/wp\/v2\/types\/page"}],"author":[{"embeddable":true,"href":"https:\/\/www.distribuidoramimodospets.com.br\/loja\/wp-json\/wp\/v2\/users\/1"}],"replies":[{"embeddable":true,"href":"https:\/\/www.distribuidoramimodospets.com.br\/loja\/wp-json\/wp\/v2\/comments?post=841"}],"version-history":[{"count":8,"href":"https:\/\/www.distribuidoramimodospets.com.br\/loja\/wp-json\/wp\/v2\/pages\/841\/revisions"}],"predecessor-version":[{"id":6366,"href":"https:\/\/www.distribuidoramimodospets.com.br\/loja\/wp-json\/wp\/v2\/pages\/841\/revisions\/6366"}],"wp:attachment":[{"href":"https:\/\/www.distribuidoramimodospets.com.br\/loja\/wp-json\/wp\/v2\/media?parent=841"}],"curies":[{"name":"wp","href":"https:\/\/api.w.org\/{rel}","templated":true}]}}